- 10*i - 106. Let g(o) = 8*q(o) + 29*z(o). What is g(4)?
5
Let u(b) = 15*b - 69. Let d = 14927 + -14922. Give u(d).
6
Let d(b) be the first derivative of b**3/3 + 19*b**2/2 - 198*b - 5198. Calculate d(-26).
-16
Let f(n) = -n**3 + 9*n**2 - 6*n - 4. Let w be f(5). Let q be 1/(2 - w/30). Let m(y) = -2*y + 6 + 2*y**2 + 7*y - y**2. What is m(q)?
6
Let r(n) be the second derivative of n**5/20 - n**4/3 - 2*n**3 + 5*n**2 - 3195*n. Calculate r(4).
-38
Suppose -16 - 104 = -10*h. Let d(x) = -12 + x**2 - x**3 - 7 + h. Determine d(0).
-7
Let o be (-3)/(-6)*(-64)/(-2). Let h(y) = 8*y - 8*y + y**2 + o + 7*y - 5. Let r be h(-4). Let c(j) = -15*j**3 + 2*j**2 - 1. Give c(r).
16
Let c(o) be the second derivative of 0*o**4 - 1/2*o**2 + 0*o**3 + 156*o + 3/10*o**5 + 0. Give c(-1).
-7
Let l(w) = 4*w - 2*w**3 + 2 - 3*w**2 - 2*w - 3*w. Let c = 86118 + -86120. Give l(c).
8
Let z(o) = 35*o**2 + 70*o + 200. Let a(m) = 22*m**2 + 47*m + 133. Let i(p) = 8*a(p) - 5*z(p). Calculate i(-23).
-5
Suppose -4*v - 20 = -8*v. Suppose 3*l = 5*n - 0*n - 42, -v*l - 39 = 2*n. Let q(m) = -m**3 - 9*m**2 + 2*m + 7. What is q(l)?
-11
Let g(a) = -3*a**3 - 2*a**2 + 1. Let n(w) = -10*w**3 - 13*w**2 - 19. Let l(s) = -3*g(s) + n(s). What is l(0)?
-22
Let b(p) = 680*p + 1159. Let w(h) = 227*h + 401. Let q(i) = -4*b(i) + 11*w(i). Give q(-1).
-2
Let y be 6/(-2*(-11)/(-33)). Let j(d) = 10*d + 94. Determine j(y).
4
Suppose 68 = -9*l - 8*l. Let u(m) = 8 - m**2 - 5*m + 3 - 3*m**3 - 6*m. Let g(s) = -s**3 - 4*s + 4. Let y(r) = l*u(r) + 11*g(r). Determine y(-3).
9
Let j(k) be the third derivative of -k**4/24 - 2*k**3/3 + 3*k**2. Let r be 3*(-49)/(-21) - 5. Let u be (5 - 3) + -6 - r. Determine j(u).
2
Let a(d) = 1407*d + 305. Let g(j) = -848*j - 153. Let v(y) = -3*a(y) - 5*g(y). Calculate v(9).
21
Let l(o) = o**3 - 10*o**2 - 5*o + 15. Let h = -3274 + 3285. Determine l(h).
81
Let x be (2 + 1)*8/(144/30). Suppose 5*r = -2*g - 14, x = -4*g - 3*r - 9. Let z(f) = f. Let o(q) = -q + 1. Let t(j) = -o(j) + 3*z(j). Calculate t(g).
-9
Let w = -2131 - -2143. Let c(g) = -g**3 + 12*g**2 + 5*g - 9. Determine c(w).
51
Let q(x) = 7*x + 2. Suppose 98*o - 819 = 7*o. What is q(o)?
65
Let j be 12/(-4)*4/36*-9. Let o(g) be the second derivative of g**2 + 0 - 1/12*g**4 - 1/2*g**j + 7*g. Determine o(-3).
2
Let j(m) = 4*m + 9*m**2 - 3 + m**2 - 7*m**2. Let x be j(1). Let i(y) = y**2 - 3*y - y + 3*y**2 - x - 3*y**2. Give i(4).
-4
Let f(i) = -2*i**3 + i + 2. Let y = -814 - -813. Let n be f(y). Let x(b) = -6 + 3 - b**2 - b + 2*b**2. Give x(n).
3
Let u(o) = -o + o**2 - 10*o + 3*o. Suppose 7*k - 2*k + 3*v - 50 = 0, v + 10 = k. Let x be k/55 - (-86)/11. Give u(x).
0
Let f(t) = -151*t + 5587. Let w be f(37). Let y(d) = -d**2 + 4*d - 8. Determine y(w).
-8
Let q(i) = 4*i**3 + 3*i**2 - 4*i + 5. Let b(u) = 11*u**3 + 10*u**2 - 13*u + 12. Let s(k) = -3*b(k) + 8*q(k). Let x = 72 - 79. Calculate s(x).
4
Let z(t) be the second derivative of t**4/12 - t**3 + 3*t**2/2 + t + 9. Give z(11).
58
Let a(x) = -x**3 + 2*x**2 + x - 2. Let v = 51 + -47. Let n be ((-12)/(-2))/(v/24*9). Suppose -5*u - 10 = n*m, -m + 23 = -u - 6*m. Give a(u).
0
Let m(k) = -10157*k + 7 - 10161*k + 16 + 20319*k. What is m(-12)?
11
Let s(f) = 932*f**2 - 1916*f**2 + 1002*f**2 + f**3 + 41 + 22*f. Determine s(-17).
-44
Let o(q) = q**3 - 17*q**2 + 17*q - 6. Let f = -1141 + 1157. Determine o(f).
10
Let r be -12*(-2)/12*3. Let f be r/(-4)*130/39. Let i(l) be the second derivative of -l**3/6 - 2*l**2 + 427*l. Calculate i(f).
1
Let x be (-156)/169*156/(-9). Let o be 1/(42/44 - 1). Let j = x + o. Let i(l) = -l**2 - 8*l + 2. Calculate i(j).
14
Let p(b) be the third derivative of b**6/120 + 11*b**5/60 - 7*b**4/12 - 13*b**3/6 - 39*b**2 + 35*b. Determine p(-12).
11
Let k(i) = -i**2 - 23*i - 88. Let c be k(-5). Let r(s) = 2 + s**3 + 18*s**2 - 8*s**c - 3*s - 6*s**2 - 7*s**2. What is r(4)?
6
Suppose 4*x = 2*x. Suppose x = -4*q + 8*q - 20. Let o(g) = 5*g + g - q*g. Determine o(-4).
-4
Let j(l) = 4*l**2 - 2*l - 9. Let o(u) be the third derivative of -7*u**5/60 + u**4/6 + 7*u**3/3 + 4*u**2 + 12. Let k(f) = 8*j(f) + 5*o(f). What is k(2)?
-6
Let t(b) = -b**3 - 19*b**2 - 19*b - 24. Let p be t(-18). Let n(o) be the third derivative of -o**5/30 - 3*o**4/8 - 306*o**2. Give n(p).
-18
Let i = 467 + -462. Let t(q) = 13 + 2 - 3*q + i. Determine t(6).
2
Let k = -10474 - -10490. Let f(z) = -z**3 + 15*z**2 + 15*z + 25. Give f(k).
9
Suppose h - 2*h - y - 29 = 0, 2*h + 3*y = -61. Let w = h - -31. Let b(f) be the second derivative of f**3/2 - 3*f**2 + 52*f. What is b(w)?
9
Let m(n) be the first derivative of n**4/12 - n**3/3 + 3*n**2/2 + 85*n - 98. Let y(k) be the first derivative of m(k). What is y(3)?
6
Let c(a) = 2*a**3 - 29*a**2 + 24*a + 2. Suppose -k + 3*b = -29, 5*b - 5 = 5*k - 100. Let n be c(k). Let j(q) = -q - 248 + 126 + n. What is j(14)?
6
Let r(c) = c + 7. Let v be r(0). Suppose -8*i = 7*i - 30. Let x(a) = -5*a + 41 + 4*a**3 - 51 + 8*a**i - 5*a**3. Give x(v).
4
Let t = 4 - 4. Let b(w) be the third derivative of -2*w**3 - 1/24*w**4 - 24*w**2 + 0 + 0*w. Determine b(t).
-12
Let q(l) = -13*l - 445. Let i(v) = -27*v - 889. Let k(y) = 3*i(y) - 7*q(y). Determine k(-45).
-2
Let d be 10*(-6)/(-8 - 4). Let w(y) = -7*y - y**2 - d*y + 4*y. Determine w(-9).
-9
Let h(m) = 3*m + 16. Suppose 35 = 16*t - 11*t. Suppose t*a - 15*a - 56 = 0. What is h(a)?
-5
Let v(t) = -t - 2. Suppose 4*y = 5*b + 965, 5*y - 3*b - 243 = 4*y. Suppose 0 = -11*n + n + y. Suppose -4*q = -s - n, 10 = -2*s + 2*q - 8. What is v(s)?
2
Suppose -2*d - 5*z + 63 = -103, -z = -4*d + 376. Let b(a) = 99*a - 4 - d*a + 33. Determine b(-5).
-1
Let f(c) = c**3 - 15*c**2 + 13*c + 11. Let u be f(14). Let o(j) = -44 + 0*j + 0*j - 3*j + 4*j + 41. Give o(u).
-6
Suppose 8*a + 32 = 64. Let u(o) = -7*o + 26. Give u(a).
-2
Suppose 879 - 965 = 43*v. Let u(a) = -2*a**3 - 8*a**2 - 14*a - 7. Calculate u(v).
5
Let p(w) = -9*w + 228. Suppose -1339 = -69*y + 455. What is p(y)?
-6
Let o(t) = t + 12. Suppose 0 = -3*i + 4*i + 3*v - 111, 0 = 3*i + v - 373. Let s = 130 - i. Suppose 4 = -d, -2*g + 0*g - 36 = s*d. What is o(g)?
2
Let t(z) be the first derivative of z**5/10 + z**4/3 + 3*z**2/2 + 21*z + 6. Let g(m) be the first derivative of t(m). Determine g(-3).
-15
Let j(o) = 3*o**2 + 237*o + 1540. Let s be j(-7). Let w(g) be the second derivative of s*g + 7/2*g**2 - 7/12*g**4 + 0 + 1/3*g**3 - 1/20*g**5. Determine w(-7).
-7
Let t(v) = -v**3 - 4*v**2 + 10*v - 7. Suppose -2*a + 18*a + 35 = -77. Calculate t(a).
70
Let q = -3210 - -3214. Let g(u) be the third derivative of 0*u - 1/30*u**5 - 1/12*u**q + 0 + u**2 + 2/3*u**3. Determine g(-3).
-8
Suppose -14*w + 5*c = -10*w + 22, -4*w + c + 2 = 0. Let o(l) = -l**2 + 7*l - 10. Calculate o(w).
0
Let f(j) = -9*j**2 + 10*j**2 - 8874 + 8846 + 5*j. Give f(-9).
8
Suppose 198 = -10*p + 4*p. Let v = p + 34. Let c(l) = -3*l**2 - 19*l - 3*l**3 + 21*l + 4*l**3 - v. Calculate c(1).
-1
Let r(w) = w**3 + 16*w**2 - 37*w - 15. Let h be r(-18). Let f(z) = -22*z + 4. Calculate f(h).
-62
Let a(y) = -2*y + 12*y + 2 - 2*y. Suppose 2*f + 14 = 4*l, -2*f - 750*l - 10 = -753*l. Give a(f).
10
Let v(s) = -4*s - 52. Let i be v(-12). Let l(f) be the third derivative of f**5/60 + f**4/4 + 3*f**3/2 + 4*f**2. Determine l(i).
1
Suppose -5 = 3*o - 17. Suppose -2*d + 8 = 3*i, -o*i - 12 = -2*d - d. Let t(k) = -k**2 - 4 + 4 - 17*k**2 - k + 17*k**2. Determine t(i).
0
Let i = 211 + -191. Let c(y) = -28 - y + 40 - i. Determine c(-8).
0
Let w(o) be the second derivative of -o**5/20 + o**4/4 + o**3/6 + 5*o**2 + 30*o + 8. What is w(0)?
10
Let t(y) be the second derivative of y**6/360 - y**5/24 - 5*y**4/24 + y**3/2 - 5*y**2 - 109*y. Let l(f) be the second derivative of t(f). What is l(5)?
-5
Let v(u) = -u**2 - 6*u + 3. Let b(t) = 2*t**3 + t + 7. Let l be b(-4). Let c be (1 + -6)*(-150)/l. What is v(c)?
3
Let y(p) be the second derivative of 0 + 1/2*p**3 - 55*p + 7*p**2. Calculate y(-7).
-7
Let d(c) = -376 + 194 + 2*c + 141. Determine d(16).
-9
Let v = 236 + -230. Let q(k) = -k**2 - 2*k - 6. Let p(o) = o**2 + 3*o + 6. Let s(c) = v*q(c) + 5*p(c). Suppose -3*i - 10 = -5*i. Give s(i).
-16
Let j(c) = 1 - 13*c - c**2 + 7*c + 5*c. Let l(t) = 4*t**3 - t**2 + 2*t - 2. Let r(v) = 3*v**3 + v - 2. Let o(m) = -4*l(m) + 5*r(m). Let s be o(3). Give j(s).
-1
Let n = 25 + -23. Suppose -m - 1 = -